 + 0)?
53
Suppose -26*g = -22*g - 80. Let l = 22 - g. Suppose -l*v - 8 = -34. What is the remainder when v is divided by 7?
6
What is the remainder when 2682632/1358 - 3/42*6 is divided by 38?
37
Suppose -5*g = -4*f - 7, -5*g = -f + 9 - 22. Suppose -2*d - 2*d = -4, 5*m = -f*d + 112. Calculate the remainder when m is divided by 2/(-1) - (-18 + 10 + 0).
4
Let m(x) = -4*x**3 + 25*x**2 - 2*x - 3. Let b(s) = s + 11. What is the remainder when m(6) is divided by b(-5)?
3
Let w(i) = i**2 + 42*i - 655. What is the remainder when 101 is divided by w(-55)?
41
Let r(c) = 3*c + 2. Let l be r(2). Let z be 41 - (5 + -2 + -4). Suppose 10*u - z = l*u. Calculate the remainder when 61 is divided by u.
19
Let s = 23605 - 23586. Calculate the remainder when 948 is divided by s.
17
Suppose 5*w - 23 = -2*n, n - 50 = -n + 4*w. Calculate the remainder when 60/8*44/10 is divided by n.
14
Suppose 0 = -3*c - 5*s - 35 + 154, 0 = -5*c - 5*s + 185. Suppose -5*r + 637 + 163 = 5*q, 0 = 4*r + 4. What is the remainder when q is divided by c?
29
Let m be 75*((-442)/(-546) + (-1)/7). Suppose 2*d - 4*u - m = -2*u, 4*d + 4*u - 84 = 0. What is the remainder when 50 is divided by d?
4
What is the remainder when 9702/143 - ((-82)/26 + 3) is divided by 31?
6
Let q(a) = -10*a**2 - 2. Let p(y) = 7*y**2 + 1. Let o(f) = -7*p(f) - 5*q(f). Suppose 138 = 32*s - 118. Calculate the remainder when s is divided by o(0).
2
Let j = 37 - 21. Let d(v) = -v**3 - 73*v**2 + 68*v - 438. What is the remainder when j is divided by d(-74)?
4
Let h(v) = 2*v**3 - 7*v**2 + 2*v + 17. Let b(l) = -2*l**3 - 5*l**2 - 3*l + 2. Let r be b(-2). Calculate the remainder when 122 is divided by h(r).
40
Let n(w) = w**3 - 16*w**2 + 28*w + 19. Suppose 48 = 6*x - 36. What is the remainder when 33 is divided by n(x)?
14
Let j be 2/7 + 1826/77. Let d be (-18 - -11)/((-2)/6). Let v = j - d. Calculate the remainder when 20 is divided by v.
2
Let p = 0 + 3. Suppose -2*d = 2, z - p*z - 2*d = -8. Let m(o) = 221*o - 3527. Calculate the remainder when m(16) is divided by z.
4
Suppose -4059 = 106*k - 24199. Calculate the remainder when 801 is divided by k.
41
Let t(g) = 217*g + 2405. Calculate the remainder when 1364 is divided by t(-11).
14
Let d(c) = -4*c**3 + 6*c**2 + 28*c - 6. Calculate the remainder when d(-3) is divided by 20.
12
Suppose a - 4*a = -60. Let s = -14005 - -14031. What is the remainder when s is divided by a?
6
Let h(r) = r**3 + 3*r**2 - 13*r - 26. Let p = 275 - 278. Let l(s) = 10*s - 3. Calculate the remainder when l(2) is divided by h(p).
4
Let b(q) = 3*q. Let y be b(1). Suppose 13 = 7*g - 1. Suppose 2*s - g*z = 22, -y*s + z + 0*z = -29. Calculate the remainder when 17 is divided by s.
8
Suppose -5*h - 20 = -6*h. Suppose -3*y = -2*y - 5*o - 76, 3*o - 76 = -y. Suppose -90*n = -y*n - 2226. What is the remainder when n is divided by h?
19
Let t = -247 + 273. Suppose 0 = 13*c - 16*c + 300. Calculate the remainder when c is divided by t.
22
Calculate the remainder when 0 + -7*(-4)/8*154 is divided by 34.
29
Suppose -51*u + 31434 = -39405. What is the remainder when u is divided by 29?
26
Let f(i) = -1709*i + 692. Calculate the remainder when f(0) is divided by 18.
8
Suppose -620*f = 628*f - 1202*f - 517362. What is the remainder when f is divided by 38?
37
Suppose -i - 95 = -3*y, 221 = 4*i + 2*y + 643. Let o = i + 166. What is the remainder when o is divided by 21?
20
Suppose -v + 2*w + 47 = 0, 3*v + 4*w = 5*w + 111. What is the remainder when 152 is divided by v?
12
Let m(f) = f**3 - 12*f**2 + 41*f - 320. Calculate the remainder when 127 is divided by m(11).
7
Calculate the remainder when 47 is divided by ((-120)/(-150))/(-5 - (-226)/45).
11
Let p(o) = -o**2 + 8*o - 9. Let h be p(6). Suppose 9*i - h*i = -516. Let r = -72 - i. What is the remainder when 68 is divided by r?
12
Let s(f) = 4*f**2 + 161*f + 6765. Calculate the remainder when s(-63) is divided by 25.
23
Let m(j) = -j**2 - 15*j + 17. Let t be m(-19). Suppose -267 - 36 = -3*s. Let d = s + t. What is the remainder when d is divided by 23?
19
Let i(f) = 2*f**3 + 2*f**2 + 8. Let b(v) = -3*v**3 - 4*v**2 - 16. Let u(p) = 3*b(p) + 5*i(p). What is the remainder when u(6) is divided by 23?
21
Let n(a) = 15*a**2 - 60*a + 15. What is the remainder when 48 is divided by n(4)?
3
Suppose -48*m - 297 + 1305 = 0. Let r = 27 + m. Calculate the remainder when 91 is divided by r.
43
Let s = -238 + 285. Suppose -3*n + 303 = 2*d, 4*d - 3*n = 453 + 162. Calculate the remainder when d is divided by s.
12
Let d = -16 + 60. Suppose 5*m = 95 + 25. What is the remainder when d is divided by m?
20
Let h(y) = -2*y**2 + 13*y + 40. What is the remainder when (-1345)/(-15) + (-14)/21 is divided by h(8)?
9
Let x = 35 + -41. Let p = 9 + x. Suppose -12 = -p*k - 3*g + g, -8 = -2*k - 2*g. Calculate the remainder when k is divided by 3.
1
Let x = 35802 + -35270. What is the remainder when x is divided by 287?
245
Let m be (-2 - -2)/(5 - 3). Suppose m = -84*l + 79*l + 340. Calculate the remainder when l is divided by 18.
14
Let a be (-4)/(-26) - 1055/13. Let d = -47 - a. What is the remainder when d is divided by 18?
16
Suppose 0 = a - 5*a + 208. Let s = a + -35. Suppose 4*u = 2*k - 98, 3*u - 4*u - 95 = -2*k. Calculate the remainder when k is divided by s.
13
Let k = -1366 - -2219. Let t = k - 707. What is the remainder when t is divided by 53?
40
Suppose -7*x + 3*x = 864. Let q be x/5 + (-1)/(-5). Let m = 48 + q. Calculate the remainder when 29 is divided by m.
4
Suppose 5*g + 2967 = 3162. Calculate the remainder when g is divided by 2 - (0 - -1)*-12.
11
Let a(v) = 7*v**2 + 38*v - 8. Let c be a(-9). Let g = c - 213. What is the remainder when g is divided by 3?
1
Let o(b) = -b**2 - 14*b + 19*b + 15*b + 53. Let a be o(22). Let n(r) = -r**3 + 7*r**2 + 19*r + 11. Calculate the remainder when n(a) is divided by 14.
6
Let k be (-3)/(54/12) - (-2)/(-6). Let z(o) = -26*o - 5. What is the remainder when 104 is divided by z(k)?
20
What is the remainder when (-25 - -83)/(-2*(-4)/80) is divided by 144?
4
Let c(f) = 26*f - 160. Let g be c(13). Suppose -5*t + 268 = g. Calculate the remainder when 190 is divided by t.
10
Suppose 4*i = -4*a + 704, -3*a - 4*i = i - 522. Let g = 4981 - 4935. What is the remainder when a is divided by g?
41
What is the remainder when 69840/11 + ((-392)/(-44) - 9) is divided by 50?
49
Calculate the remainder when (895/(-15) - -7)*(-15)/10 is divided by 1/(6/(-10) + 493/680).
7
What is the remainder when 622 is divided by -9 + ((-24)/(-6) - -18)?
11
Let h(f) = 3*f + 2. Let v be h(1). Suppose 4*z = 2*y + 11 + 29, -z + v*y + 19 = 0. Calculate the remainder when 42 is divided by z.
6
Let y = -23 - -20. Let l = -47 - -127. Calculate the remainder when l is divided by 18*y/(-9)*2.
8
Suppose 224*g - 197*g = 11853. Calculate the remainder when g is divided by 12.
7
Let g(z) = 49*z**2 - 3*z - 3. Let o = 410 - 369. Calculate the remainder when g(-2) is divided by o.
35
Suppose -8*c + 4*c + 61 = l, 2*c - 98 = -2*l. Calculate the remainder when (278/(-8) - -3)*-4 is divided by l.
37
Let o(u) be the third derivative of -2*u**2 + 0 + 0*u**3 - 1/30*u**5 - 1/12*u**4 - 1/20*u**6 + 0*u. What is the remainder when 11 is divided by o(-1)?
5
Suppose -3*n + 12 = -0*n. Suppose -3*r - z = -127, -2*r + 3*z + 125 = 44. What is the remainder when r is divided by n?
2
Let p = 10 + -7. Calculate the remainder when (-12921)/(-531) + 2/3 is divided by p.
1
Let t(g) = -2*g**2 + 343*g - 1971. What is the remainder when 818/5 + (-4)/(-10) is divided by t(6)?
14
Let y(m) = -m**3 + 28*m**2 + m + 29. Let x = 10 - 76. What is the remainder when y(28) is divided by 119/6 - 11/x?
17
Suppose -21*u + 197 - 48 = 65. Calculate the remainder when 1667 is divided by u.
3
Suppose 4*h = -p - 20, -27 - 17 = -p + 4*h. Calculate the remainder when 318 is divided by p.
6
Let y = 218 + -144. Suppose 11*w - y = 69. What is the remainder when 48 is divided by w?
9
Let u = -189 + 537. Let v = 368 - u. What is the remainder when 3/(3*1/38) is divided by v?
18
Calculate the remainder when 7*6868/357*(14 - 2) is divided by 11.
10
Let f(d) = -d**2 - 33*d - 122. Suppose 3*j + 2*k = 7*j - 260, -j + 2*k = -59. What is the remainder when j is divided by f(-28)?
13
Suppose 0 = 82*o - 1070 - 4227 - 3887. What is the remainder when 923 is d